{"id":918,"date":"2025-07-31T20:36:12","date_gmt":"2025-07-31T20:36:12","guid":{"rendered":"https:\/\/milenaria.co\/home-2\/"},"modified":"2025-12-03T22:43:28","modified_gmt":"2025-12-03T22:43:28","slug":"home-2","status":"publish","type":"page","link":"https:\/\/milenaria.co\/en\/","title":{"rendered":"Inicio"},"content":{"rendered":"<div class=\"wp-block-uagb-container uagb-block-4c80560e alignfull uagb-is-root-container\"><div class=\"uagb-container-inner-blocks-wrap\">\n<div class=\"wp-block-uagb-container uagb-block-b1e2e4cf\">\n<div class=\"wp-block-uagb-info-box uagb-block-1a0a3c51 uagb-infobox__content-wrap  uagb-infobox-icon-above-title uagb-infobox-image-valign-top\"><div class=\"uagb-ifb-content\"><div class=\"uagb-ifb-title-wrap\"><h6 class=\"uagb-ifb-title-prefix\">milenaria<\/h6><h1 class=\"uagb-ifb-title\">Arte, Salud y Comunidad en Acci\u00f3n<\/h1><\/div><div class=\"uagb-ifb-button-wrapper wp-block-button\"><a href=\"https:\/\/milenaria.co\/en\/contact\/\" class=\"uagb-infobox-cta-link wp-block-button__link\" target=\"_self\" rel=\"noopener noreferrer\" onclick=\"return true;\"><span class=\"uagb-inline-editing\">M\u00e1s Informaci\u00f3n<\/span><\/a><\/div><\/div><\/div>\n<\/div>\n<\/div><\/div>\n\n\n\n<div class=\"wp-block-uagb-container uagb-block-c8065528 alignfull uagb-is-root-container\"><div class=\"uagb-container-inner-blocks-wrap\">\n<div class=\"wp-block-uagb-container uagb-block-368c4dd8\">\n<div class=\"wp-block-columns is-layout-flex wp-container-core-columns-is-layout-28f84493 wp-block-columns-is-layout-flex\">\n<div class=\"wp-block-column is-layout-flow wp-block-column-is-layout-flow\" style=\"flex-basis:100%\">\n<div class=\"wp-block-uagb-info-box uagb-block-de866ac1 uagb-infobox__content-wrap  uagb-infobox-icon-above-title uagb-infobox-image-valign-top\"><div class=\"uagb-ifb-content\"><div class=\"uagb-ifb-title-wrap\"><h6 class=\"uagb-ifb-title-prefix\">Metodolog\u00eda Milenaria<\/h6><h2 class=\"uagb-ifb-title\">Arte y Salud Intercultural<\/h2><\/div><p class=\"uagb-ifb-desc\">Un enfoque \u00fanico que integra arte, ciencia y saberes ancestrales para transformar el bienestar.<br>Nuestro modelo combina artes comunitarias, pr\u00e1cticas som\u00e1ticas, ritualidad simb\u00f3lica, enfermer\u00eda hol\u00edstica, neuroplasticidad y salud intercultural para acompa\u00f1ar procesos individuales y colectivos con profundidad y evidencia.<br><br>Trabajamos en cuatro pasos: Escucha, Dise\u00f1o Participativo, Experiencia Creativa, Integraci\u00f3n y Evaluaci\u00f3n.<br><br>Cada intervenci\u00f3n deja una huella: una pieza, un gesto, una memoria viva que queda en la comunidad.<br>Arte como Medicina. Comunidad como Cura. Memoria como Territorio.<br><br><\/p><div class=\"uagb-ifb-button-wrapper wp-block-button\"><a href=\"https:\/\/milenaria.co\/en\/about-2\/\" class=\"uagb-infobox-cta-link wp-block-button__link\" target=\"_self\" rel=\"noopener noreferrer\" onclick=\"return true;\"><span class=\"uagb-inline-editing\">Conoce m\u00e1s<\/span><svg xmlns=\"https:\/\/www.w3.org\/2000\/svg\" viewbox=\"0 0 512 512\"><path d=\"M504.3 273.6l-112.1 104c-6.992 6.484-17.18 8.218-25.94 4.406c-8.758-3.812-14.42-12.45-14.42-21.1L351.9 288H32C14.33 288 .0002 273.7 .0002 255.1S14.33 224 32 224h319.9l0-72c0-9.547 5.66-18.19 14.42-22c8.754-3.809 18.95-2.075 25.94 4.41l112.1 104C514.6 247.9 514.6 264.1 504.3 273.6z\"><\/path><\/svg><\/a><\/div><\/div><\/div>\n<\/div>\n<\/div>\n<\/div>\n<\/div><\/div>\n\n\n\n<div class=\"wp-block-uagb-container uagb-block-30926c1c alignfull uagb-is-root-container\"><div class=\"uagb-container-inner-blocks-wrap\">\n<div class=\"wp-block-uagb-container uagb-block-7a425dc6\">\n<div class=\"wp-block-columns is-layout-flex wp-container-core-columns-is-layout-28f84493 wp-block-columns-is-layout-flex\">\n<div class=\"wp-block-column is-layout-flow wp-block-column-is-layout-flow\" style=\"flex-basis:100%\">\n<div class=\"wp-block-uagb-info-box uagb-block-99ce0f1a uagb-infobox__content-wrap  uagb-infobox-icon-above-title uagb-infobox-image-valign-top\"><div class=\"uagb-ifb-content\"><div class=\"uagb-ifb-title-wrap\"><h6 class=\"uagb-ifb-title-prefix\">1<\/h6><h2 class=\"uagb-ifb-title\">Arte y Salud Intercultural<\/h2><\/div><p class=\"uagb-ifb-desc\">Milenaria promueve el bienestar a trav\u00e9s de expresiones art\u00edsticas y pr\u00e1cticas de salud inspiradas en diversas culturas. Su labor integra tradiciones, rituales, arte, movimiento y creaci\u00f3n como herramientas terap\u00e9uticas que permiten sanar, reconectar y comprender la vida desde una visi\u00f3n plural y profunda.<br><br><\/p><\/div><\/div>\n<\/div>\n<\/div>\n<\/div>\n<\/div><\/div>\n\n\n\n<div class=\"wp-block-uagb-container uagb-block-b94eebaf alignfull uagb-is-root-container\"><div class=\"uagb-container-inner-blocks-wrap\">\n<div class=\"wp-block-columns is-layout-flex wp-container-core-columns-is-layout-28f84493 wp-block-columns-is-layout-flex\">\n<div class=\"wp-block-column is-layout-flow wp-block-column-is-layout-flow\" style=\"flex-basis:100%\">\n<div class=\"wp-block-uagb-container uagb-block-60a47d7e\">\n<div class=\"wp-block-uagb-info-box uagb-block-e2236824 uagb-infobox__content-wrap  uagb-infobox-icon-above-title uagb-infobox-image-valign-top\"><div class=\"uagb-ifb-content\"><div class=\"uagb-ifb-title-wrap\"><h6 class=\"uagb-ifb-title-prefix\">2<\/h6><h2 class=\"uagb-ifb-title\">Diplomacia del Cuidado y Proyectos Sociales<\/h2><\/div><p class=\"uagb-ifb-desc\">La iniciativa act\u00faa como un puente entre comunidades, instituciones y personas, fomentando relaciones basadas en el respeto, el cuidado y la escucha activa. Desde este pilar, Milenaria impulsa proyectos sociales que fortalecen el tejido comunitario, promueven la equidad y garantizan ambientes seguros para el di\u00e1logo, la convivencia y la transformaci\u00f3n colectiva.<\/p><\/div><\/div>\n<\/div>\n<\/div>\n<\/div>\n<\/div><\/div>\n\n\n\n<div class=\"wp-block-uagb-container uagb-block-f0510422 alignfull uagb-is-root-container\"><div class=\"uagb-container-inner-blocks-wrap\">\n<div class=\"wp-block-columns are-vertically-aligned-top is-layout-flex wp-container-core-columns-is-layout-28f84493 wp-block-columns-is-layout-flex\">\n<div class=\"wp-block-column is-vertically-aligned-top is-layout-flow wp-container-core-column-is-layout-f3c7fa73 wp-block-column-is-layout-flow\" style=\"padding-top:0;padding-bottom:0;flex-basis:100%\">\n<div class=\"wp-block-uagb-container uagb-block-a6189a45\">\n<div class=\"wp-block-group is-layout-constrained wp-block-group-is-layout-constrained\">\n<div class=\"wp-block-columns is-layout-flex wp-container-core-columns-is-layout-28f84493 wp-block-columns-is-layout-flex\">\n<div class=\"wp-block-column is-layout-flow wp-block-column-is-layout-flow\" style=\"flex-basis:100%\">\n<div class=\"wp-block-uagb-info-box uagb-block-0d46a241 uagb-infobox__content-wrap  uagb-infobox-icon-above-title uagb-infobox-image-valign-top\"><div class=\"uagb-ifb-content\"><div class=\"uagb-ifb-title-wrap\"><h6 class=\"uagb-ifb-title-prefix\">3<\/h6><h2 class=\"uagb-ifb-title\">Educaci\u00f3n y Medicina Natural<\/h2><\/div><p class=\"uagb-ifb-desc\">Milenaria democratiza el acceso al conocimiento ancestral y cient\u00edfico mediante procesos educativos accesibles, pr\u00e1cticos y respetuosos. A trav\u00e9s de talleres, formaciones y acompa\u00f1amientos, ense\u00f1a pr\u00e1cticas de medicina natural, autocuidado, herbolaria y salud preventiva, guiando a las personas hacia una vida m\u00e1s consciente, armoniosa y conectada con la tierra.<\/p><\/div><\/div>\n<\/div>\n<\/div>\n<\/div>\n<\/div>\n<\/div>\n<\/div>\n<\/div><\/div>\n\n\n\n<div class=\"wp-block-uagb-container uagb-block-ac713df3 alignfull uagb-is-root-container\"><div class=\"uagb-container-inner-blocks-wrap\">\n<div class=\"wp-block-uagb-advanced-heading uagb-block-a29744a5\"><h2 class=\"uagb-heading-text\"><strong><strong>Programas transformadores para el autocuidado, el aprendizaje y el fortalecimiento comunitario<\/strong><br><\/strong><\/h2><\/div>\n<\/div><\/div>\n\n\n\n<p><\/p>","protected":false},"excerpt":{"rendered":"<p>Programas transformadores para el autocuidado, el aprendizaje y el fortalecimiento comunitario<\/p>","protected":false},"author":1,"featured_media":0,"parent":0,"menu_order":0,"comment_status":"closed","ping_status":"closed","template":"","meta":{"_uag_custom_page_level_css":"","site-sidebar-layout":"no-sidebar","site-content-layout":"","ast-site-content-layout":"full-width-container","site-content-style":"unboxed","site-sidebar-style":"default","ast-global-header-display":"","ast-banner-title-visibility":"","ast-main-header-display":"","ast-hfb-above-header-display":"","ast-hfb-below-header-display":"","ast-hfb-mobile-header-display":"","site-post-title":"","ast-breadcrumbs-content":"","ast-featured-img":"","footer-sml-layout":"","ast-disable-related-posts":"","theme-transparent-header-meta":"","adv-header-id-meta":"","stick-header-meta":"","header-above-stick-meta":"","header-main-stick-meta":"","header-below-stick-meta":"","astra-migrate-meta-layouts":"default","ast-page-background-enabled":"default","ast-page-background-meta":{"desktop":{"background-color":"var(--ast-global-color-4)","background-image":"","background-repeat":"repeat","background-position":"center center","background-size":"auto","background-attachment":"scroll","background-type":"","background-media":"","overlay-type":"","overlay-color":"","overlay-opacity":"","overlay-gradient":""},"tablet":{"background-color":"","background-image":"","background-repeat":"repeat","background-position":"center center","background-size":"auto","background-attachment":"scroll","background-type":"","background-media":"","overlay-type":"","overlay-color":"","overlay-opacity":"","overlay-gradient":""},"mobile":{"background-color":"","background-image":"","background-repeat":"repeat","background-position":"center center","background-size":"auto","background-attachment":"scroll","background-type":"","background-media":"","overlay-type":"","overlay-color":"","overlay-opacity":"","overlay-gradient":""}},"ast-content-background-meta":{"desktop":{"background-color":"var(--ast-global-color-5)","background-image":"","background-repeat":"repeat","background-position":"center center","background-size":"auto","background-attachment":"scroll","background-type":"","background-media":"","overlay-type":"","overlay-color":"","overlay-opacity":"","overlay-gradient":""},"tablet":{"background-color":"var(--ast-global-color-5)","background-image":"","background-repeat":"repeat","background-position":"center center","background-size":"auto","background-attachment":"scroll","background-type":"","background-media":"","overlay-type":"","overlay-color":"","overlay-opacity":"","overlay-gradient":""},"mobile":{"background-color":"var(--ast-global-color-5)","background-image":"","background-repeat":"repeat","background-position":"center center","background-size":"auto","background-attachment":"scroll","background-type":"","background-media":"","overlay-type":"","overlay-color":"","overlay-opacity":"","overlay-gradient":""}},"footnotes":""},"class_list":["post-918","page","type-page","status-publish","hentry"],"aioseo_notices":[],"uagb_featured_image_src":{"full":false,"thumbnail":false,"medium":false,"medium_large":false,"large":false,"1536x1536":false,"2048x2048":false,"trp-custom-language-flag":false,"woocommerce_thumbnail":false,"woocommerce_single":false,"woocommerce_gallery_thumbnail":false},"uagb_author_info":{"display_name":"soporte.milenaria@gmail.com","author_link":"https:\/\/milenaria.co\/en\/author\/soporte-milenariagmail-com\/"},"uagb_comment_info":0,"uagb_excerpt":"Programas transformadores para el autocuidado, el aprendizaje y el fortalecimiento comunitario","_links":{"self":[{"href":"https:\/\/milenaria.co\/en\/wp-json\/wp\/v2\/pages\/918","targetHints":{"allow":["GET"]}}],"collection":[{"href":"https:\/\/milenaria.co\/en\/wp-json\/wp\/v2\/pages"}],"about":[{"href":"https:\/\/milenaria.co\/en\/wp-json\/wp\/v2\/types\/page"}],"author":[{"embeddable":true,"href":"https:\/\/milenaria.co\/en\/wp-json\/wp\/v2\/users\/1"}],"replies":[{"embeddable":true,"href":"https:\/\/milenaria.co\/en\/wp-json\/wp\/v2\/comments?post=918"}],"version-history":[{"count":37,"href":"https:\/\/milenaria.co\/en\/wp-json\/wp\/v2\/pages\/918\/revisions"}],"predecessor-version":[{"id":2886,"href":"https:\/\/milenaria.co\/en\/wp-json\/wp\/v2\/pages\/918\/revisions\/2886"}],"wp:attachment":[{"href":"https:\/\/milenaria.co\/en\/wp-json\/wp\/v2\/media?parent=918"}],"curies":[{"name":"wp","href":"https:\/\/api.w.org\/{rel}","templated":true}]}}

<div class="wp-block-uagb-container uagb-block-4c80560e alignfull uagb-is-root-container"><div class="uagb-container-inner-blocks-wrap">
<div class="wp-block-uagb-container uagb-block-b1e2e4cf">
<div class="wp-block-uagb-info-box uagb-block-1a0a3c51 uagb-infobox__content-wrap  uagb-infobox-icon-above-title uagb-infobox-image-valign-top"><div class="uagb-ifb-content"><div class="uagb-ifb-title-wrap"><h6 class="uagb-ifb-title-prefix">milenaria</h6><h1 class="uagb-ifb-title">Arte, Salud y Comunidad en Acción</h1></div><div class="uagb-ifb-button-wrapper wp-block-button"><a href="https://milenaria.co/en/contact/" class="uagb-infobox-cta-link wp-block-button__link" target="_self" rel="noopener noreferrer" onclick="return true;"><span class="uagb-inline-editing">Más Información</span></a></div></div></div>
</div>
</div></div>



<div class="wp-block-uagb-container uagb-block-c8065528 alignfull uagb-is-root-container"><div class="uagb-container-inner-blocks-wrap">
<div class="wp-block-uagb-container uagb-block-368c4dd8">
<div class="wp-block-columns is-layout-flex wp-container-core-columns-is-layout-28f84493 wp-block-columns-is-layout-flex">
<div class="wp-block-column is-layout-flow wp-block-column-is-layout-flow" style="flex-basis:100%">
<div class="wp-block-uagb-info-box uagb-block-de866ac1 uagb-infobox__content-wrap  uagb-infobox-icon-above-title uagb-infobox-image-valign-top"><div class="uagb-ifb-content"><div class="uagb-ifb-title-wrap"><h6 class="uagb-ifb-title-prefix">Metodología Milenaria</h6><h2 class="uagb-ifb-title">Arte y Salud Intercultural</h2></div><p class="uagb-ifb-desc">Un enfoque único que integra arte, ciencia y saberes ancestrales para transformar el bienestar.<br>Nuestro modelo combina artes comunitarias, prácticas somáticas, ritualidad simbólica, enfermería holística, neuroplasticidad y salud intercultural para acompañar procesos individuales y colectivos con profundidad y evidencia.<br><br>Trabajamos en cuatro pasos: Escucha, Diseño Participativo, Experiencia Creativa, Integración y Evaluación.<br><br>Cada intervención deja una huella: una pieza, un gesto, una memoria viva que queda en la comunidad.<br>Arte como Medicina. Comunidad como Cura. Memoria como Territorio.<br><br></p><div class="uagb-ifb-button-wrapper wp-block-button"><a href="https://milenaria.co/en/about-2/" class="uagb-infobox-cta-link wp-block-button__link" target="_self" rel="noopener noreferrer" onclick="return true;"><span class="uagb-inline-editing">Conoce más</span><svg xmlns="https://www.w3.org/2000/svg" viewbox="0 0 512 512"><path d="M504.3 273.6l-112.1 104c-6.992 6.484-17.18 8.218-25.94 4.406c-8.758-3.812-14.42-12.45-14.42-21.1L351.9 288H32C14.33 288 .0002 273.7 .0002 255.1S14.33 224 32 224h319.9l0-72c0-9.547 5.66-18.19 14.42-22c8.754-3.809 18.95-2.075 25.94 4.41l112.1 104C514.6 247.9 514.6 264.1 504.3 273.6z"></path></svg></a></div></div></div>
</div>
</div>
</div>
</div></div>



<div class="wp-block-uagb-container uagb-block-30926c1c alignfull uagb-is-root-container"><div class="uagb-container-inner-blocks-wrap">
<div class="wp-block-uagb-container uagb-block-7a425dc6">
<div class="wp-block-columns is-layout-flex wp-container-core-columns-is-layout-28f84493 wp-block-columns-is-layout-flex">
<div class="wp-block-column is-layout-flow wp-block-column-is-layout-flow" style="flex-basis:100%">
<div class="wp-block-uagb-info-box uagb-block-99ce0f1a uagb-infobox__content-wrap  uagb-infobox-icon-above-title uagb-infobox-image-valign-top"><div class="uagb-ifb-content"><div class="uagb-ifb-title-wrap"><h6 class="uagb-ifb-title-prefix">1</h6><h2 class="uagb-ifb-title">Arte y Salud Intercultural</h2></div><p class="uagb-ifb-desc">Milenaria promueve el bienestar a través de expresiones artísticas y prácticas de salud inspiradas en diversas culturas. Su labor integra tradiciones, rituales, arte, movimiento y creación como herramientas terapéuticas que permiten sanar, reconectar y comprender la vida desde una visión plural y profunda.<br><br></p></div></div>
</div>
</div>
</div>
</div></div>



<div class="wp-block-uagb-container uagb-block-b94eebaf alignfull uagb-is-root-container"><div class="uagb-container-inner-blocks-wrap">
<div class="wp-block-columns is-layout-flex wp-container-core-columns-is-layout-28f84493 wp-block-columns-is-layout-flex">
<div class="wp-block-column is-layout-flow wp-block-column-is-layout-flow" style="flex-basis:100%">
<div class="wp-block-uagb-container uagb-block-60a47d7e">
<div class="wp-block-uagb-info-box uagb-block-e2236824 uagb-infobox__content-wrap  uagb-infobox-icon-above-title uagb-infobox-image-valign-top"><div class="uagb-ifb-content"><div class="uagb-ifb-title-wrap"><h6 class="uagb-ifb-title-prefix">2</h6><h2 class="uagb-ifb-title">Diplomacia del Cuidado y Proyectos Sociales</h2></div><p class="uagb-ifb-desc">La iniciativa actúa como un puente entre comunidades, instituciones y personas, fomentando relaciones basadas en el respeto, el cuidado y la escucha activa. Desde este pilar, Milenaria impulsa proyectos sociales que fortalecen el tejido comunitario, promueven la equidad y garantizan ambientes seguros para el diálogo, la convivencia y la transformación colectiva.</p></div></div>
</div>
</div>
</div>
</div></div>



<div class="wp-block-uagb-container uagb-block-f0510422 alignfull uagb-is-root-container"><div class="uagb-container-inner-blocks-wrap">
<div class="wp-block-columns are-vertically-aligned-top is-layout-flex wp-container-core-columns-is-layout-28f84493 wp-block-columns-is-layout-flex">
<div class="wp-block-column is-vertically-aligned-top is-layout-flow wp-container-core-column-is-layout-f3c7fa73 wp-block-column-is-layout-flow" style="padding-top:0;padding-bottom:0;flex-basis:100%">
<div class="wp-block-uagb-container uagb-block-a6189a45">
<div class="wp-block-group is-layout-constrained wp-block-group-is-layout-constrained">
<div class="wp-block-columns is-layout-flex wp-container-core-columns-is-layout-28f84493 wp-block-columns-is-layout-flex">
<div class="wp-block-column is-layout-flow wp-block-column-is-layout-flow" style="flex-basis:100%">
<div class="wp-block-uagb-info-box uagb-block-0d46a241 uagb-infobox__content-wrap  uagb-infobox-icon-above-title uagb-infobox-image-valign-top"><div class="uagb-ifb-content"><div class="uagb-ifb-title-wrap"><h6 class="uagb-ifb-title-prefix">3</h6><h2 class="uagb-ifb-title">Educación y Medicina Natural</h2></div><p class="uagb-ifb-desc">Milenaria democratiza el acceso al conocimiento ancestral y científico mediante procesos educativos accesibles, prácticos y respetuosos. A través de talleres, formaciones y acompañamientos, enseña prácticas de medicina natural, autocuidado, herbolaria y salud preventiva, guiando a las personas hacia una vida más consciente, armoniosa y conectada con la tierra.</p></div></div>
</div>
</div>
</div>
</div>
</div>
</div>
</div></div>



<div class="wp-block-uagb-container uagb-block-ac713df3 alignfull uagb-is-root-container"><div class="uagb-container-inner-blocks-wrap">
<div class="wp-block-uagb-advanced-heading uagb-block-a29744a5"><h2 class="uagb-heading-text"><strong><strong>Programas transformadores para el autocuidado, el aprendizaje y el fortalecimiento comunitario</strong><br></strong></h2></div>
</div></div>



<p></p>
